+ -7 + 5.
-4
What is the value of 6 - (4 - -12) - -20?
10
Calculate 0 - -7 - (-5 + 43 + 3 + -6).
-28
Calculate -58 - -12 - -53 - (-3 + -11 + -3).
24
Calculate (0 + -1 - -5 - -1) + -15.
-10
Evaluate -27 + 33 - (11 + -4 + -4 + 2).
1
What is the value of 348 + -360 - (3 + -18)?
3
Evaluate (-18 - (-34 - -18)) + (-1 - (4 + -23)).
16
Calculate 9 + (-9 - -16) + (-6 - 1).
9
What is -3 - (-22 + (-21 - -22))?
18
What is 8 + (-6 - (4 + -5)) - 5?
-2
(27 - -1) + (25 + 0 - 33)
20
What is -1 + 4 + -7 - -15?
11
Calculate 5 - (-6 + 33) - ((-2 - -3) + -4).
-19
What is the value of -6 - 1 - (7 - (-73 - -57))?
-30
Evaluate (15 - (-1 + 21)) + 12 + 1.
8
What is the value of -32 + 38 + 1 + 4?
11
What is the value of (7 + -2 + -8 - (-2 + 3)) + 7?
3
(-16 - -18) + (-9 - -1 - (-3 - -5))
-8
Evaluate 29 - 1 - (150 - 136).
14
Calculate (-28 - -28) + (13 - -6) + -5.
14
Evaluate -4 + -2 + (25 - (50 - 47)).
16
Calculate -20 - (-14 - (9 + 13)).
16
-22 - ((-2 - -1 - -7) + (-147 - -140))
-21
Calculate 20 + -17 - (-18 - (-4 - 0)).
17
Calculate (-2 - 0) + -36 + (83 - 49).
-4
What is (4 - (-9 + 14 + 7)) + 8?
0
Evaluate 19 + 20 + -6 - 32.
1
Calculate (4 - -15 - -7) + -12.
14
Evaluate -129 - -84 - (-16 + -3).
-26
Evaluate -12 + (13 - (11 - 2)).
-8
(-7 - -2 - -19) + -7 + 2
9
Evaluate -5 - (5 + 1 + -4 + (-12 - 4)).
9
Calculate -8 + -7 - (-2 + -12).
-1
What is (7 - -2) + (135 - 146)?
-2
(-4 - (2 + 5)) + 35 - (0 - -5)
19
Evaluate -16 + 41 - 22 - 3.
0
(-104 - -110) + 0 + 1 + -7
0
0 - -33 - (1118 - 1080)
-5
What is -3 + -2 + -6 + 9 + 7?
5
What is the value of 8 + -1 + ((0 - -2) + -9 - -14)?
14
What is 12 + -1 + (-1 - 14)?
-4
What is the value of -3 - -7 - (-9 + -1 + 35 + -33)?
12
Calculate 13 + 2 + -16 + -3 + -11 + 18.
3
Evaluate (17 - (20 - 10) - 0) + -2.
5
Calculate -7 + (28 - 6 - -10).
25
Evaluate 2 - 5 - (5 + (7 - 10) + 4).
-9
4 + (-2 - (8 + -8)) + -3 + 28
27
What is 9 - 19 - (5 + -5)?
-10
4 + (-30 - (37 - 103))
40
25 + -3 + 11 + -2 + -9 + 5
27
Evaluate 8 + (-2 - -3) + -11.
-2
Calculate -17 + 5 - (-22 + 16).
-6
What is the value of 10 - (8 - (-1 + 11 + -5))?
7
What is (-23 - (-55 - -24)) + (2 - 8)?
2
-12 + -19 + 15 + -4 + 18
-2
What is the value of 0 + 42 + -91 + (-57 - -143)?
37
What is -7 - (-10 - ((-12 - -9) + -3))?
-3
What is the value of (8 - (11 + -5 + -1)) + 8 + 5?
16
Calculate -15 + (4 - -4) - -3.
-4
What is (919 + -910 - (1 + (1 - -9))) + 31?
29
Evaluate (-16 - (1 + -3) - -13) + 1 + 0.
0
-17 - -1 - (210 - 238)
12
What is -144 - -135 - (-1 + -2)?
-6
20 - 5 - (17 + -20 + 9)
9
What is the value of -3 - (18 + -1 + -4)?
-16
What is (27 - 31) + (1 - (5 - (-3 + -7)))?
-18
58 - 4 - 23 - 52
-21
Calculate (-9 - (-26 + 6)) + 0 - -17.
28
Calculate (-8 - (-33 + 29 - (9 - 0))) + 0.
5
What is 46 - (-36 + 8 + 59)?
15
Evaluate -18 + -5 + 9 + -7.
-21
-16 + 13 - -17 - 9
5
Evaluate -19 - -23 - (-4 - (3 - -2 - 16)).
-3
What is 17 - 5 - (2 - (-16 - 11))?
-17
What is the value of 153 + -142 + (-1 - 1 - -2)?
11
(0 + -1 - 6) + 544 + -549
-12
Calculate 1 - -1 - ((14 - (33 - 13)) + 2).
6
What is -12 - (15 - 11 - 2)?
-14
What is the value of (-2 - 9) + 3 + 14?
6
Calculate 0 - (0 - 11) - ((-7 - -30) + -27).
15
Evaluate (4 - (1 - 15 - -19)) + 9.
8
What is the value of (8 - 3) + (6 - (14 + -3 + -6))?
6
What is the value of (-179 - -189) + ((3 - 1) + -42 - -1)?
-29
What is 549 + -537 - (35 + -2)?
-21
(5 - 1) + (29 - (45 - 37))
25
What is the value of (1 - -4) + 58 + -70 - (2 + -10)?
1
Evaluate (-2 - -3) + -23 - (-100 + 91).
-13
Calculate (3 - 3) + 9 - ((-29 - 5) + 33).
10
(-1 - 16) + 3 - -19
5
What is 38 + -75 - (-34 - -8)?
-11
What is -2 + 9 - (20 - 2)?
-11
What is (23 - (-5 + 24)) + -12?
-8
(4 - (18 + 34)) + 29
-19
What is 11 + 1 - (-25 + 42)?
-5
What is 34 + -4 + -46 - (1 + -7 - -1)?
-11
Evaluate 13 - -9 - 16 - -28 - 6.
28
What is the value of -12 + -3 - ((-5 - (15 + -21)) + -1)?
-15
Calculate (-5 - 10) + (28 - -3).
16
What is the value of -32 + 35 + 0 + 0?
3
11 - (35 - 12) - 8
-20
Calculate (9 - -35) + (-6 + 2 - 5) - 9.
26
What is the value of 31 + (9 - (1 - 5) - (16 + -5))?
33
2 - (4 + (1 - (2 + -3 + 2)))
-2
What is the value of 382 + -388 + (-11 + 10 - (0 - 14))?
7
Calculate -7 - (-20 - -19) - (-3 - -1).
-4
Evaluate 23 + (3 - 24) - 22.
-20
(-15 + -2 - (316 - 291)) + 14
-28
(23 - (18 - -13)) + -6 + 1
-13
What is -11 + 13 + 26 - (5 + -2 + 2)?
23
What is 0 + 2 - (4 - (-5 + 5))?
-2
What is the value of (-12 - (-1 - 3)) + (25 - (-8 + 12))?
13
Evaluate 33 - 1 - (-1601 + 1643).
-10
What is the value of 7 + (-46 - -22) + 21?
4
3 + -2 - (30 + 15 - 58)
14
Calculate 3 + 14 + (-2 - 5).
10
37 + -2 + 42 + -111
-34
Calculate -52 - -19 - -27 - 20.
-26
Calculate (7 + -23 - -26 - (7 - 0)) + -3.
0
9 - 10 - (0 + 2)
-3
What is the value of -13 - ((11 - 46) + 9)?
13
Evaluate (3 - 14 - 7) + 16 - 6.
-8
What is the value of (-8 - -9) + 1 + 5 + -124 + 131?
14
What is (-13 + (2 - -5) - (-4 - 24)) + -4?
18
What is the value of -6 + 2 + (1 - (-8 + 14))?
-9
What is the value of (22 - 19) + (2 - (-6 + 3))?
8
Evaluate 15 + 24 + 34 + -74.
-1
Evaluate (1 - -2) + -31 + 62 + -18.
16
Evaluate -105 + -63 + 130 + 4 + 2 + -2.
-34
What is the value of 18 + -51 - -15 - -18?
0
9 + (7 - 13) + -13
-10
Calculate (8 - 2) + (-1 - 34) + (-1 - -4).
-26
What is the value of (4 - -10) + (0 + 8 - 4) + -1?
17
What is (22 - (3 - -2) - 16) + -9?
-8
Evaluate 9 + (-18 - 3) + 7 + -2.
-7
What is 31 + -38 + 33 - 22?
4
What is the value of -4 + 3 + (5 - 9)?
-5
What is -4 + (8 - (-11 + 16)) - 13?
-14
What is the value of -15 - -26 - (4 - -2)?
5
-9 + (-2 - -40 - 15)
14
What is the value of (10 - 1) + -15 + 5 + 9 + 8?
16
What is the value of 4 + -5 + 6 + (5 - (-7 - 2))?
19
(-4 - -2) + 66 + -29 + -26
9
(13 - 18) + (0 - -12)
7
What is the value of -15 + 6 + 3 + -11 + 25?
8
What is the value of 59 + -59 + -5 + -1 + (0 - 3)?
-9
What is 12 + 1 + -41 + 24?
-4
What is the value of 20 + (-3 - 0) + 0 + 6?
23
What is 26 + -16 - (4 + -2)?
8
Calculate (1 - (-2 + -2)) + (-10 - (8 + -17)).
4
Evaluate -21 - (-10 + (-8 - 13)).
10
What is 3 + (-8 - 3 - -9 - -7)?
8
What is the value of -5 + -22 + 17 + -5?
-15
What is (23 - 17) + -13 + (-12 - -4)?
-15
Evaluate (11 - -10) + -10 - (52 - 16).
-25
What is the value of -55 - -59 - (-3 - 8)?
15
What is the value of (91 - 15) + -71 - (0 - (-1 + 2))?
6
Calculate -76 + 23 + -3 + 23.
-33
What is the value of -12 + (-13 - -40) - 1?
14
Evaluate 12 - (-101 + 100 + 1 + 9).
3
Calculate 0 + (-7 - 0) + -4 + 6.
-5
Evaluate (-8 + 17 - 3) + 3 + -3 + -19.
-13
Evaluate 23 - (-29 - (-18 - 13) - (-2 - -1)).
20
Calculate -292 + 288 + -13 + 0.
-17
What is 25 + (-27 - (14 - 4))?
-12
What is the value of -3 - (3 + -2 + 3 + (-20 - -11))?
2
Calculate 6 + -2 + 6 - (-30 + 27).
13
Evaluate -24 + (-18 - -37) + (-10 - 0).
-15
Calculate -18 + (-9 + 10 + 12 - 7).
-12
Calculate (-11 - -9 - -6 - 5) + -5.
-6
Evaluate -15 + -1 + 3 + 1 + 2 + -5.
-15
What is 15 + -6 + -1 - (0 + -3)?
11
(1 - -11) + -9 + 5
8
Evaluate (13 + -7 - 2) + (6 - 15).
-5
What is 4 - 1 - (-46 - (-15 - 41))?
-7
(18 - (38 - 14)) + -10
-16
What is -9 - ((15 - 11) + 4)?
-17
What is the value of 3 + 6 + (-7 - -1 - -7) + -10?
0
What is the value of 25 + -1 + 1 - (10 + 1)?
14
What is the value of -4 + 0 + -3 + 13 + 11 + -6?
11
What is the value of -8 - (3 - ((-3 - -10) + -4)) - 11?
-19
Evaluate 0 - (17 + -23 + 12 + (5 - 41)).
30
Calculate -3 - -27 - 40 - -11.
-5
Calculate 0 - (-7 - -23 - 14) - 11.
-13
Calculate (5 - -1) + 403 + -387.
22
What is -1 + (-2 - -2) + (-9 - (-12 - -7))?
-5
0 + (-6 - (-2 + 4)) + 8
0
7 + -13 - (0 + -23 + -1 + 4)
14
Calculate -11 + -15 + 16 + 10.
0
What is 24 + 21 - 80 - -33?
-2
Evaluate -7 + 11 + -14 + 18 - 1.
7
Evaluate 36 + (8 - 2) + -21 + (-19 - -23).
25
What is (74 - -13) + -85 - (9 + -1)?
-6
What is the value of -29 + 9 + 3 + 6 + (-3 - -4)?
-10
1 + (5 - -6 - 4) + -8 + -22
-22
What is 44 - (-11 + (50 - 15))?
20
Evaluate -61 - (-20 - -4) - -9.
-36
-12 + -9 + -9 + 28
-2
What is the value of 14 - (26 - (2 - 5)) - 6?
-21
Calculate (-47 - -72) + -19 - -35.
41
Calculate -9 + (12 - 13) + -21 + 1 + 3.
-27
What is the value of -1 - (5 + -13 - -1)?
6
What is 20 + -2 + -1 + 0?
17
Evaluate -20 - (-18 + -10) - (-2 + 2 - -18).
-10
Calculate 21 - -2 - (-16 + 24 + -17 + 4).
28
What is -10 - (-14 + 7 - 5)?
2
What is -1 - -15 - (-3 + (-19 - -12) + 17)?
7
What is (0 - (-2 + 2)) + 7 + (-2210 - -220